ist the prime factors of m.
103
Let n = 41 + -35. Suppose 31 = j + n. List the prime factors of j.
5
Let l = -2 - -5. Let p = 7 + -3. Suppose 0 = -p*f - 16, s + l*s = -2*f + 84. List the prime factors of s.
23
Suppose 3 = 2*o + 5*v + 10, o + v - 1 = 0. List the prime factors of o/(-3) + 507/9.
5, 11
Suppose -9*r = -33014 - 349. What are the prime factors of r?
11, 337
Let a(u) = 15*u + 7. Let y(h) = h - 1. Let d be (0 - 6)*(-13)/(-39). Let s(v) = d*y(v) - a(v). What are the prime factors of s(-3)?
2, 23
Let c = -127 - -79. Let g = -71 - c. List the prime factors of ((g - -3) + -2)*-1.
2, 11
Let b = 25 + -20. Suppose 3 - b = -a. Suppose 0 = j - 3*t - t - 32, 3*j + a*t = 82. List the prime factors of j.
2, 7
Let b(c) = -c**2 - 4*c + 3. Let r be b(-8). Let f = -25 - r. Suppose -4*u + 2*u + 78 = f*n, 0 = 5*n. What are the prime factors of u?
3, 13
Let t be 2*-1*20/(-8). Suppose -9*o + t*o = -20. Suppose o*d - 42 = 63. List the prime factors of d.
3, 7
Suppose 3*o = z - 105, 2*o = -z - 4*z + 525. List the prime factors of z.
3, 5, 7
Let z(a) = -a**2 + 2. Let u = 1 + -1. Let f be z(u). Suppose -f*q + 47 = r, -3*q - 19 = r - 90. List the prime factors of q.
2, 3
Let v = -38 + 65. Suppose v = 9*i - 36. What are the prime factors of i?
7
Let v be (-19)/(4 - (-3)/(-1)). Let b = v + 72. Suppose -3*n - 4*j = -b, -4*n - n + 123 = -2*j. What are the prime factors of n?
23
Let y(i) = -i**2 + i + 2*i**2 - 2*i - 2*i**2 - 4. Let w be y(0). Let o = w - -41. List the prime factors of o.
37
Suppose -93*v = -86*v - 6097. What are the prime factors of v?
13, 67
Suppose -3*j = -4*r - 7817, -3*r + 9837 + 3230 = 5*j. What are the prime factors of j?
7, 373
Suppose 4*x - 420 = -2*u, 1 = -x + 2*x. List the prime factors of u.
2, 13
Let j(p) = 2*p**3 - 11*p**2 + 5*p - 13. What are the prime factors of j(9)?
599
Let t(v) = v + 9*v**2 + 31 - v**3 - 34 - 10*v. Suppose 8 = p + 2. What are the prime factors of t(p)?
3, 17
Let k(f) = -19*f**2 - 1. Let a be k(1). Suppose -102 = -23*q + 20*q. Let y = a + q. List the prime factors of y.
2, 7
What are the prime factors of ((-3)/((-12)/(-767)))/((-29)/116)?
13, 59
Let z(y) = y**2 - 8*y + 51. List the prime factors of z(11).
2, 3, 7
Suppose 11*y - 4*g = 9*y + 698, -4*y - g = -1405. List the prime factors of y.
3, 13
Let t be (0/((-4)/2))/(-2). Let v be (0 - t) + 91/7. Let z = v - -16. List the prime factors of z.
29
Suppose -7*n - 26 - 16 = 0. Let h(s) = -14*s + 7. List the prime factors of h(n).
7, 13
Let i be 16/(-4)*(-3 - -2). Suppose -5*a + 887 = i*g, -3*g + 5*a + 228 = -2*g. What are the prime factors of g?
223
Suppose 227 = u - 239. List the prime factors of u.
2, 233
Let l(s) = s**3 + 7*s**2 - 15*s - 15. Let q be l(-9). Let z = q - -210. What are the prime factors of z?
2, 3, 7
Let t(a) = a**2 + 5*a - 1. Suppose 2*c + 22 = 4*f, 4*f = 2 + 10. Let l be t(c). What are the prime factors of (51/68)/(l/(-8))?
2, 3
Suppose 5*r + 230 = 935. Suppose 5*b = 2*n + 76 + 1, -3*b - r = 4*n. Let a = -34 - n. What are the prime factors of a?
2
Let i be 784/(-12)*(-21)/28. Let s = 217 - i. What are the prime factors of s?
2, 3, 7
Suppose 0*s - 5*s = 4*w - 6249, -2*w + 3119 = -3*s. What are the prime factors of w?
7, 223
Let h(v) = 7*v - 3*v**2 - 1 + 3 + 1. Let r(c) = -4*c**2 + 7*c + 3. Let y(z) = -3*h(z) + 2*r(z). What are the prime factors of y(9)?
3, 5
Let k(w) = 2*w**2 + 16*w - 9. Let g be k(-16). Let x = g - -89. Suppose 6*q = 90 + x. What are the prime factors of q?
71
Let u = -425 + 1194. What are the prime factors of u?
769
Let s(y) = y**2 + 13*y + 33. What are the prime factors of s(-25)?
3, 37
Suppose -g + 30 = 5. Let h = 351 + -272. Suppose -g = 6*s - h. What are the prime factors of s?
3
Suppose -8*v + 5*v = -4*g + 914, -v + 2 = 0. What are the prime factors of g?
2, 5, 23
Let k(c) = c**3 - 4*c + 3. Let j be k(3). Let d = -11 + j. What are the prime factors of d?
7
Let i = 929 + -104. What are the prime factors of i?
3, 5, 11
Let g be (-18)/(-1)*2/(-4). List the prime factors of (-1 + 21/g)*(-29 - 1).
2, 5
Let u(c) = c**3 - 14*c**2 + 16*c - 28. Let m be u(13). Suppose 0 = -m*j + 6*j + 205. List the prime factors of j.
41
Suppose 11 = -3*t + 5. Let i be t + 12/(-2 + -2). Let w = 23 + i. List the prime factors of w.
2, 3
Suppose 7*t - 10*t - 3*c + 906 = 0, 3*t - 924 = 3*c. What are the prime factors of t?
5, 61
Suppose t = -5*y + 45, -y = 4*t - 0*t - 180. What are the prime factors of t?
3, 5
List the prime factors of (4/6)/(36/43794).
811
Let r(j) = 133*j + 35. List the prime factors of r(11).
2, 7, 107
Let i = 1 - -1. Let r be (i + 1)*(-174)/(-18). Suppose b + 2*b = 5*y + r, 4*b = -2*y + 56. List the prime factors of b.
13
Suppose -1 - 1 = -i. Suppose i*x - 2 = 4*x. What are the prime factors of -7 + x + 4 - -29?
5
Let l(h) = -h**3 - 5*h**2 - 5*h - 6. Let v be l(-4). List the prime factors of 22 + v + 16/(-4).
2
Let z = 305 - 190. List the prime factors of z.
5, 23
Let j be ((-8)/3)/(1/(-1290)). Let a be 6/(-9) + j/(-15). List the prime factors of (-3)/18 - a/12.
19
Let a(x) be the first derivative of -x**3 + x**2 - x - 1. Let h be a(8). List the prime factors of h/(-9) + (-2)/(-6).
2, 5
Let d(p) = 609*p**2 + p - 2. List the prime factors of d(1).
2, 19
Suppose -2*g - 3*l + 4*l = -71, -2*g + 69 = l. Suppose -37*r + 226 = -g*r. List the prime factors of r.
113
Let t be (-1)/(1 - 12/15). Let l = t - -5. Suppose r = -l*n + n - 13, -5*n = 4*r - 29. List the prime factors of n.
3
Suppose 0 = 46*q - 41*q - 15. Suppose -2*i + 117 = f, 0 = f - q*i - 0*i - 122. List the prime factors of f.
7, 17
Let s(i) = -5*i + i**2 + 72*i**3 + 4*i + 1 - 84*i**3. List the prime factors of s(-2).
103
Let s be 2/(-10) + (-80)/(-25). Suppose 0*f = -s*f - 57. Let p = -10 - f. List the prime factors of p.
3
Suppose 3*u - 14 = -l + u, -2*l + 18 = -u. Let d(q) = q**3 - 7*q**2 - 19*q + 24. List the prime factors of d(l).
2, 67
Suppose -27*y = -20*y - 3843. What are the prime factors of y?
3, 61
Let u = -16 - -20. Suppose -5*j = -51 - u. What are the prime factors of j?
11
Let m(s) = 100*s**3 + 5*s**2 - s - 6. What are the prime factors of m(3)?
2, 3, 19
Let n = -2069 + 3551. What are the prime factors of n?
2, 3, 13, 19
List the prime factors of (8 - -1654) + 7*-1.
5, 331
Suppose -4*z = -4*r + 13732, r + 2*z - 3148 = 273. What are the prime factors of r?
3, 127
Let r(z) = z**3 - 8*z**2 + 10*z + 1. Let u be r(6). What are the prime factors of u/33 + 140/6?
23
Let g(a) = -71*a - 24. Let y(h) = -h**3 - 17*h**2 + 39*h + 15. Let c be y(-19). What are the prime factors of g(c)?
2, 5, 13
Let w = -1148 + 3335. What are the prime factors of w?
3
Let y be 3 - (-5)/(20/8). Suppose 2*r + r = f - 10, 18 = 2*f - y*r. What are the prime factors of f?
2
Suppose -i = -2*a - a + 161, 0 = 4*a + 2*i - 198. Suppose -132 + a = -2*w. What are the prime factors of w?
2, 5
Suppose 4 = -p + 2*p. Suppose 0 = -p*h - 0*j - 4*j + 28, -2*h = -3*j - 24. Let o = 12 - h. List the prime factors of o.
3
Suppose w - 4*w + 1610 = -4*y, -5*y + 1619 = 3*w. List the prime factors of w.
2, 269
Let y(b) = -b**3 + 3*b**2 - b - 1. Suppose 5 = 3*g - 4. Let j be y(g). List the prime factors of 14 - ((-32)/j)/4.
2, 3
Suppose -5 = -2*j - 5*p + 13, 2*j = 5*p - 2. Suppose -j*y + 154 = 2. Let a = -22 + y. List the prime factors of a.
2
Let f = -829 - -1253. List the prime factors of f.
2, 53
Let p be 44/14 + 1/(-7). Suppose 0 = -4*n + p*v - 15, 2*n - 2*v + 20 = 2*v. Let k = 53 + n. What are the prime factors of k?
53
Let b(h) be the third derivative of h**5/60 + h**4/12 - h**3/2 + 3*h**2. List the prime factors of b(4).
3, 7
Suppose 0 = 3*j - 5*j - 1302. What are the prime factors of j/(-4) + (-3)/4?
2, 3
Suppose -66*u - 16263 + 60813 = 0. List the prime factors of u.
3, 5
Let h(y) = y**3 + 5*y**2 + 4*y. Let p be h(-3). What are the prime factors of ((-20)/(-25))/(p/645)?
2, 43
Let u be -33 + -1 - (-7)/(-7). Suppose -4*q + 54 = -10*q. Let f = q - u. What are the prime factors of f?
2, 13
Let h = -35 - -70. Suppose 1024 = -27*b + h*b. What are the prime factors of b?
2
Let i(k) = -k**3 + 9*k**2 + 2. Let g be i(9). Let z be (g - 1)/(3/(-81)). Let x = 48 + z. What are the prime factors of x?
3, 7
Let v be 16 + (1 - (2 - -1)). Suppose -4*x + 10 + v = 0. Suppose -x*r = -11*r + 145. What are the prime factors of r?
2